en 1733 is divided by 102.
101
Calculate the remainder when 1270 is divided by 149.
78
What is the remainder when 142 is divided by 32?
14
Calculate the remainder when 784 is divided by 243.
55
What is the remainder when 122 is divided by 31?
29
Calculate the remainder when 262 is divided by 39.
28
Calculate the remainder when 11446 is divided by 54.
52
What is the remainder when 1061 is divided by 277?
230
Calculate the remainder when 690 is divided by 200.
90
What is the remainder when 24 is divided by 15?
9
Calculate the remainder when 1665 is divided by 17.
16
What is the remainder when 3289 is divided by 71?
23
Calculate the remainder when 102 is divided by 96.
6
Calculate the remainder when 1225 is divided by 112.
105
What is the remainder when 8013 is divided by 11?
5
Calculate the remainder when 7330 is divided by 188.
186
Calculate the remainder when 149 is divided by 96.
53
Calculate the remainder when 207 is divided by 53.
48
Calculate the remainder when 88 is divided by 52.
36
Calculate the remainder when 101 is divided by 11.
2
What is the remainder when 175 is divided by 37?
27
What is the remainder when 1662 is divided by 415?
2
Calculate the remainder when 630 is divided by 18.
0
Calculate the remainder when 259 is divided by 44.
39
What is the remainder when 169 is divided by 43?
40
Calculate the remainder when 82 is divided by 17.
14
What is the remainder when 563 is divided by 60?
23
What is the remainder when 516 is divided by 107?
88
Calculate the remainder when 1139 is divided by 55.
39
Calculate the remainder when 1467 is divided by 1459.
8
What is the remainder when 700 is divided by 75?
25
What is the remainder when 1410 is divided by 29?
18
What is the remainder when 4439 is divided by 2218?
3
What is the remainder when 32 is divided by 19?
13
What is the remainder when 86 is divided by 13?
8
What is the remainder when 4614 is divided by 65?
64
Calculate the remainder when 2282 is divided by 750.
32
Calculate the remainder when 1535 is divided by 140.
135
Calculate the remainder when 60 is divided by 29.
2
Calculate the remainder when 531 is divided by 13.
11
What is the remainder when 11679 is divided by 46?
41
Calculate the remainder when 92 is divided by 44.
4
Calculate the remainder when 161 is divided by 80.
1
Calculate the remainder when 141 is divided by 16.
13
What is the remainder when 4820 is divided by 201?
197
What is the remainder when 3330 is divided by 34?
32
What is the remainder when 42 is divided by 26?
16
Calculate the remainder when 138 is divided by 70.
68
What is the remainder when 7629 is divided by 16?
13
Calculate the remainder when 318 is divided by 20.
18
What is the remainder when 1630 is divided by 51?
49
Calculate the remainder when 208 is divided by 19.
18
What is the remainder when 647 is divided by 65?
62
Calculate the remainder when 204 is divided by 17.
0
Calculate the remainder when 5655 is divided by 23.
20
What is the remainder when 673 is divided by 138?
121
Calculate the remainder when 2818 is divided by 701.
14
What is the remainder when 36859 is divided by 485?
484
What is the remainder when 457 is divided by 51?
49
Calculate the remainder when 853 is divided by 19.
17
What is the remainder when 532 is divided by 41?
40
What is the remainder when 693 is divided by 220?
33
Calculate the remainder when 1143 is divided by 5.
3
What is the remainder when 4683 is divided by 33?
30
What is the remainder when 356 is divided by 17?
16
Calculate the remainder when 426 is divided by 149.
128
What is the remainder when 126 is divided by 67?
59
What is the remainder when 497 is divided by 25?
22
What is the remainder when 741 is divided by 12?
9
Calculate the remainder when 136 is divided by 79.
57
Calculate the remainder when 1014 is divided by 72.
6
Calculate the remainder when 2820 is divided by 10.
0
Calculate the remainder when 288 is divided by 17.
16
What is the remainder when 123 is divided by 49?
25
Calculate the remainder when 1692 is divided by 153.
9
Calculate the remainder when 1345 is divided by 27.
22
What is the remainder when 564 is divided by 32?
20
What is the remainder when 174 is divided by 36?
30
What is the remainder when 154 is divided by 12?
10
What is the remainder when 528 is divided by 47?
11
Calculate the remainder when 1805 is divided by 21.
20
What is the remainder when 68 is divided by 10?
8
What is the remainder when 932 is divided by 85?
82
Calculate the remainder when 620 is divided by 127.
112
Calculate the remainder when 428 is divided by 18.
14
Calculate the remainder when 940 is divided by 37.
15
What is the remainder when 170 is divided by 35?
30
Calculate the remainder when 95 is divided by 32.
31
Calculate the remainder when 302 is divided by 290.
12
Calculate the remainder when 95 is divided by 16.
15
What is the remainder when 69273 is divided by 138?
135
Calculate the remainder when 669 is divided by 219.
12
Calculate the remainder when 42 is divided by 41.
1
Calculate the remainder when 475 is divided by 229.
17
What is the remainder when 1695 is divided by 215?
190
What is the remainder when 231 is divided by 87?
57
Calculate the remainder when 309 is divided by 12.
9
What is the remainder when 920 is divided by 22?
18
What is the remainder when 9021 is divided by 11?
1
What is the remainder when 413 is divided by 139?
135
Calculate the remainder when 742 is divided by 22.
16
Calculate the remainder when 1392 is divided by 55.
17
What is the remainder when 122 is divided by 112?
10
What is the remainder when 180 is divided by 46?
42
What is the remainder when 30 is divided by 15?
0
What is the remainder when 131 is divided by 67?
64
What is the remainder when 2833 is divided by 135?
133
What is the remainder when 975 is divided by 261?
192
Calculate the remainder when 387 is divided by 56.
51
Calculate the remainder when 11842 is divided by 21.
19
Calculate the remainder when 261 is divided by 160.
101
What is the remainder when 3055 is divided by 95?
15
What is the remainder when 237 is divided by 30?
27
Calculate the remainder when 145 is divided by 4.
1
Calculate the remainder when 1493 is divided by 488.
29
What is the remainder when 746 is divided by 335?
76
Calculate the remainder when 299 is divided by 12.
11
Calculate the remainder when 116 is divided by 24.
20
What is the remainder when 78 is divided by 27?
24
What is the remainder when 116 is divided by 53?
10
What is the remainder when 28697 is divided by 41?
38
Calculate the remainder when 627 is divided by 15.
12
Calculate the remainder when 307 is divided by 63.
55
Calculate the remainder when 9837 is divided by 80.
77
What is the remainder when 7567 is divided by 176?
175
Calculate the remainder when 177 is divided by 151.
26
What is the remainder when 200 is divided by 53?
41
Calculate the remainder when 1503 is divided by 35.
33
What is the remainder when 1990 is divided by 56?
30
Calculate the remainder when 587 is divided by 68.
43
Calculate the remainder when 142 is divided by 6.
4
What is the remainder when 297 is divided by 51?
42
Calculate the remainder when 1209 is divided by 14.
5
Calculate the remainder when 833 is divided by 6.
5
What is the remainder when 749 is divided by 82?
11
What is the remainder when 2236 is divided by 89?
11
What is the remainder when 1489 is divided by 44?
37
Calculate the remainder when 270 is divided by 17.
15
What is the remainder when 2539 is divided by 20?
19
What is the remainder when 418 is divided by 7?
5
What is the remainder when 1361 is divided by 109?
53
Calculate the remainder when 789 is divided by 99.
96
Calculate the remainder when 368 is divided by 125.
118
What is the remainder when 133 is divided by 25?
8
What is the remainder when 4522 is divided by 39?
37
Calculate the remainder when 1802 is divided by 119.
17
What is the remainder when 41029 is divided by 55?
54
Calculate the remainder when 12997 is divided by 21.
19
Calculate the remainder when 1906 is divided by 318.
316
Calculate the remainder when 3671 is divided by 32.
23
Calculate the remainder when 4589 is divided by 9.
8
What is the remainder when 8497 is divided by 50?
47
What is the remainder when 70 is divided by 16?
6
What is the remainder when 7454 is